the remainder when 16166 is divided by 24.
14
Calculate the remainder when 15442127 is divided by 867.
857
What is the remainder when 16598234 is divided by 752?
90
What is the remainder when 14688570 is divided by 13068?
138
Calculate the remainder when 751396472 is divided by 423.
422
Calculate the remainder when 1728084 is divided by 50826.
0
What is the remainder when 19593609 is divided by 3007?
3004
Calculate the remainder when 8448617 is divided by 479.
15
Calculate the remainder when 1887866 is divided by 28604.
2
What is the remainder when 1159291 is divided by 143?
133
What is the remainder when 45555735 is divided by 5?
0
Calculate the remainder when 4694471 is divided by 391203.
35
What is the remainder when 1126334 is divided by 29?
3
What is the remainder when 331049 is divided by 30094?
15
Calculate the remainder when 33460 is divided by 19.
1
What is the remainder when 258606 is divided by 178?
150
Calculate the remainder when 79445495 is divided by 19861372.
7
What is the remainder when 2572910 is divided by 15593?
65
Calculate the remainder when 5900232 is divided by 7.
2
Calculate the remainder when 1477482 is divided by 738693.
96
Calculate the remainder when 3203610 is divided by 533933.
12
Calculate the remainder when 513147 is divided by 85507.
105
What is the remainder when 849757 is divided by 2057?
216
Calculate the remainder when 6653029 is divided by 85.
79
What is the remainder when 6392274 is divided by 13?
5
Calculate the remainder when 113521 is divided by 41.
33
What is the remainder when 189982 is divided by 6331?
52
What is the remainder when 369701 is divided by 550?
101
Calculate the remainder when 8250174 is divided by 1117.
12
What is the remainder when 62916963 is divided by 5719723?
10
What is the remainder when 71733298 is divided by 1523?
1521
What is the remainder when 3678234 is divided by 4096?
26
Calculate the remainder when 10500410 is divided by 50.
10
Calculate the remainder when 1264140 is divided by 158017.
4
Calculate the remainder when 1919939 is divided by 1786.
1775
What is the remainder when 251055 is divided by 2845?
695
What is the remainder when 17030872 is divided by 183?
160
Calculate the remainder when 218009 is divided by 18164.
41
Calculate the remainder when 245932 is divided by 2120.
12
Calculate the remainder when 14174 is divided by 1966.
412
What is the remainder when 2441018 is divided by 887?
881
What is the remainder when 330925 is divided by 157?
126
What is the remainder when 20751 is divided by 441?
24
What is the remainder when 7225313 is divided by 11?
7
Calculate the remainder when 1995004 is divided by 124687.
12
Calculate the remainder when 2786151 is divided by 1137.
501
Calculate the remainder when 320289 is divided by 459.
366
Calculate the remainder when 13240224 is divided by 4413406.
6
Calculate the remainder when 101070 is divided by 100795.
275
Calculate the remainder when 127711699 is divided by 42570549.
52
Calculate the remainder when 1535340 is divided by 9092.
7884
Calculate the remainder when 62833688 is divided by 374010.
8
What is the remainder when 855888514 is divided by 63?
61
Calculate the remainder when 4533 is divided by 7.
4
What is the remainder when 3406710 is divided by 213?
201
Calculate the remainder when 2303206 is divided by 1151463.
280
What is the remainder when 675501 is divided by 345?
336
Calculate the remainder when 81987 is divided by 23.
15
What is the remainder when 1505874 is divided by 501939?
57
Calculate the remainder when 288471 is divided by 2367.
2064
What is the remainder when 172822 is divided by 86404?
14
Calculate the remainder when 21442674 is divided by 211.
10
What is the remainder when 26397937 is divided by 68?
65
What is the remainder when 92636602 is divided by 102?
100
Calculate the remainder when 2967407 is divided by 144.
143
What is the remainder when 243800931 is divided by 22?
11
What is the remainder when 112359 is divided by 37400?
159
Calculate the remainder when 2798 is divided by 1215.
368
What is the remainder when 90674 is divided by 22550?
474
What is the remainder when 263670216 is divided by 7?
5
What is the remainder when 137773 is divided by 148?
133
Calculate the remainder when 36139001 is divided by 1404.
41
Calculate the remainder when 202583 is divided by 26.
17
What is the remainder when 94996295 is divided by 7717?
25
Calculate the remainder when 967199 is divided by 39.
38
Calculate the remainder when 538301 is divided by 691.
12
What is the remainder when 2704639 is divided by 316?
311
Calculate the remainder when 5323511 is divided by 45892.
39
Calculate the remainder when 1083451 is divided by 120.
91
What is the remainder when 166344373 is divided by 820?
813
What is the remainder when 11963218 is divided by 33?
25
What is the remainder when 3433972 is divided by 424?
420
Calculate the remainder when 3856211 is divided by 28.
23
What is the remainder when 68159 is divided by 1346?
859
What is the remainder when 2868204 is divided by 2868198?
6
Calculate the remainder when 678806 is divided by 335866.
7074
Calculate the remainder when 1293914 is divided by 290.
224
Calculate the remainder when 11805022 is divided by 151.
144
What is the remainder when 10425 is divided by 393?
207
Calculate the remainder when 1999381 is divided by 1278.
589
What is the remainder when 21863 is divided by 3018?
737
Calculate the remainder when 1405556 is divided by 3721.
2739
What is the remainder when 102062098 is divided by 2620?
2618
Calculate the remainder when 24942455 is divided by 1305.
1295
What is the remainder when 1969663 is divided by 128?
127
What is the remainder when 842505 is divided by 6?
3
Calculate the remainder when 110279 is divided by 8482.
13
Calculate the remainder when 2115511 is divided by 151.
1
Calculate the remainder when 12660401 is divided by 2262.
2249
What is the remainder when 13238857 is divided by 62?
59
What is the remainder when 2017003 is divided by 2168?
763
Calculate the remainder when 8125876 is divided by 146.
100
Calculate the remainder when 26567 is divided by 5263.
252
Calculate the remainder when 8621533 is divided by 2873765.
238
Calculate the remainder when 1032638 is divided by 3227.
3225
What is the remainder when 8684138 is divided by 633?
11
Calculate the remainder when 1338711 is divided by 9168.
183
Calculate the remainder when 5676852 is divided by 510.
42
Calculate the remainder when 7348272 is divided by 116.
20
Calculate the remainder when 9167030 is divided by 1017.
809
Calculate the remainder when 669668 is divided by 17567.
2122
Calculate the remainder when 1472858 is divided by 8925.
233
What is the remainder when 273907 is divided by 37684?
10119
Calculate the remainder when 48296 is divided by 1520.
1176
Calculate the remainder when 467729681 is divided by 426.
425
What is the remainder when 1301549 is divided by 1658?
19
What is the remainder when 3474336 is divided by 11317?
17
What is the remainder when 542530557 is divided by 3520?
3517
What is the remainder when 671008 is divided by 1559?
638
What is the remainder when 9145 is divided by 197?
83
Calculate the remainder when 37129 is divided by 9082.
801
Calculate the remainder when 6711774 is divided by 6711758.
16
Calculate the remainder when 132428044 is divided by 978.
976
Calculate the remainder when 18403381 is divided by 2661.
2566
Calculate the remainder when 307478232 is divided by 255.
252
Calculate the remainder when 20853622 is divided by 1625.
1622
Calculate the remainder when 2824915 is divided by 842.
5
What is the remainder when 67840738 is divided by 135?
133
Calculate the remainder when 158671 is divided by 39664.
15
Calculate the remainder when 1100708 is divided by 254.
126
Calculate the remainder when 1015828 is divided by 84652.
4
Calculate the remainder when 723428 is divided by 22607.
4
What is the remainder when 1945832 is divided by 647522?
3266
Calculate the remainder when 4545395 is divided by 80.
35
Calculate the remainder when 3348 is divided by 135.
108
Calculate the remainder when 2625291 is divided by 1070.
581
What is the remainder when 623172689 is divided by 6729?
6728
Calculate the remainder when 540372 is divided by 665.
392
Calculate the r